 1. Let h be (624/(-60) + 12)/(4/5). Determine p(h).
29
Let p = -5 - -25. Let r(w) = w**3 + 5*w**2 - w. Let d be r(-2). Let o = p - d. Let a(g) = g**2 - 4*g - 5. Calculate a(o).
7
Let a(o) = 3*o**2 + 8*o - 3. Let s(r) = 8*r**2 + 24*r - 9. Let v(d) = 11*a(d) - 4*s(d). Let x(g) = -128*g + 8. Let p be x(0). What is v(p)?
3
Let z(w) = w**3 - 9*w**2 + 7*w + 7. Let u be 4/(-36)*-25 - (-6)/27. Suppose 0 = f + 4*x, u*f + 4*x + 48 = 8*f. What is z(f)?
-1
Let i = -14 - -20. Let o = 12 + -10. Let d(s) = -2 - 2*s - 1 + 5*s - o*s. What is d(i)?
3
Let a(y) be the third derivative of -y**7/5040 + y**6/60 + 4*y**5/5 - 28*y**2 + 2. Let r(c) be the third derivative of a(c). What is r(9)?
3
Let x = -20 + 20. Let l(f) = -2*f - f - f**2 + 4*f + 3 + x*f**2. What is l(3)?
-3
Let u be ((-20)/15)/(20/240). Let f(o) = -o**3 - 16*o**2 + 2*o + 4. What is f(u)?
-28
Suppose 2*z - 51 = -183. Let x = 65 + z. Let q(f) = 0 + 0*f - 1 - 2*f + 6*f**2. Determine q(x).
7
Let m(s) = s**2 - 4*s - 5. Let u(o) = o**2 - 2*o - 12. Let p be u(4). Determine m(p).
27
Suppose -12*z + 16*z = 48. Let j(w) = w**2 - 11*w - 10. Determine j(z).
2
Let a(i) = i. Let q(s) = -s - 4. Let r(w) = -2*a(w) + q(w). Calculate r(4).
-16
Let x = -5378 + 5377. Let a(b) = -9*b**3 - 2*b**2 - 7*b - 5. Let p(j) = 13*j**3 + 3*j**2 + 11*j + 8. Let c(t) = 8*a(t) + 5*p(t). Give c(x).
7
Let r(d) = -3263*d + 3253*d + 6 - 1. Give r(2).
-15
Let r(v) = -v**2 - 3. Let l(b) = 2*b**2 + 21*b + 7. Let u be (-2)/(-4)*(57 + 3). Suppose 0 = -4*i + i - u. Let k be l(i). Give r(k).
-12
Let x(n) = 8*n - 19. Let f be x(8). Suppose -3*s = -6*s + f. Suppose -s = p + 4*p. Let q(z) = -z**3 - 4*z**2 - 5*z - 4. What is q(p)?
2
Suppose w - 1 = b, 5*b - 18 = -w + 1. Let g(l) = l**2 + 2. Let u be g(0). Let a(o) = 5 + 2*o**2 + o**b + 0*o**3 + 4*o**2 - u*o**3 - 5*o. Calculate a(5).
5
Let n(v) = -3*v**2 - v - 1. Let w be ((-504)/(-27))/(-28)*6/2. Calculate n(w).
-11
Let f(l) = 5*l. Let d(j) = -10*j + 1. Let y(i) = -d(i) - 4*f(i). Determine y(-4).
39
Let b(f) = f**2 + 2*f - 2. Suppose 0 = 3*x - 4*x - 9. Let o(u) = -u + 3. Let v(t) = -5*t + 13. Let a(h) = x*o(h) + 2*v(h). Let w be a(2). Determine b(w).
1
Let c(o) be the second derivative of -o**3 - o**2 + 75*o. Determine c(-1).
4
Let g(f) = -6*f**3 + 4*f**2 - f + 6. Let t(u) = -5*u**3 + 3*u**2 - u + 5. Let p(s) = -6*g(s) + 7*t(s). Give p(3).
-4
Suppose 2*g - 25 = h - 16, 3*g - 13 = h. Let f(o) = -5*o. Give f(g).
-20
Let f(w) be the first derivative of 3 + 7*w - 1/2*w**2. Let k = -163 - -163. Determine f(k).
7
Suppose 0 = r - 0 + 1, 0 = -x + 5*r + 9. Suppose -x = -5*p + p. Let h(y) = -1 - 3*y - p + 3. Give h(-1).
4
Let k(i) be the first derivative of i**3/3 + 7*i**2/2 + 2*i - 16. Suppose 0*v = 3*v - 3*p + 21, 2*v = -4*p - 20. Give k(v).
10
Let l(n) = 11*n - 19. Let j be 5/15 + (-64)/12. Let u(d) = 6*d - 10. Let c(h) = j*u(h) + 3*l(h). Suppose z = 4*p - 14, -p = 3*z + 2*p - 33. Calculate c(z).
11
Suppose -5*f + 83 = 3*p, -4*p + 69 = 4*f - 39. Suppose -a = 22 - p. Let z(b) = 6 - 3*b + b**3 - 2 + 4*b**2 - 2*b**3. What is z(a)?
-8
Let m be (6 - -15)*4/(-6). Let y(r) be the first derivative of r**4/4 + 5*r**3 + 15*r**2/2 + 8*r + 144. Calculate y(m).
-6
Suppose -173*w - 55 = -178*w. Let q(o) = -3*o + 12. What is q(w)?
-21
Suppose -6*f + 2*f = -12, 2*d = 5*f - 11. Suppose 0 = 2*t - d + 2. Let y(h) = -h - 9. Give y(t).
-9
Let y be (3 - 2) + -4 + 7. Let w be (-25)/9 + y/(-18). Let p(f) = f**2 - 1. Let a(g) = -8*g**2 - 2*g + 10. Let t(x) = -a(x) - 6*p(x). Calculate t(w).
8
Let x(c) = -7*c**3 + c**2 + 1. Let h(p) = 9*p**3 - 2*p + 2. Let g(s) = 3*h(s) + 4*x(s). Calculate g(4).
-14
Let i = -702 - -691. Let c(k) = k - 12. What is c(i)?
-23
Let m(q) be the first derivative of q**2 - 9*q + 120. Determine m(6).
3
Let z(u) = -u**3 - 6*u**2 + 7*u - 5. Let w(l) = 2*l**2 + l - 5. Let k be w(3). Suppose -k*y + 9*y = 49. Calculate z(y).
-5
Let x(l) = l**2 - 4*l + 1. Let v be 18/12 - (-2)/4. Suppose 0 = 4*o + 3*g, -3*g = -5*o - v*g. Let k be 0 + 4 + -2 + o. Give x(k).
-3
Let m be (0/3)/(-2 + 3). Let w(u) = u**2 + 3*u + 3 + m + 0 - 8*u. Let p(v) = v**2 + 5*v + 6. Let n be p(-5). Calculate w(n).
9
Let z(p) = -2*p + 17. Let w(j) = j - 6. Let h(d) = 11*w(d) + 4*z(d). Suppose -21 = -3*b - 12. Calculate h(b).
11
Let q(w) = -w**3 - 7*w**2 - 7*w + 5. Let f be (-4)/1*-1*2. Let o(u) = -u**2 + 10*u - 4. Let t be o(f). Suppose r = -r - t. Give q(r).
11
Let n(c) = 2*c**2 - c + 1. Let w be n(0). Let l(z) = 4*z**2 - z. Determine l(w).
3
Let p(r) = -5*r**2 - 5 + 67*r - 64*r + 4*r**2. Let d(w) = -w + 1. Let b be d(-3). Determine p(b).
-9
Let b be (3 + 0 + -3)/4. Suppose 0 = x + s - 3*s - 3, 3*x - 3*s - 6 = b. Let t(q) = 19*q - 1. What is t(x)?
18
Suppose w + 10 + 4 = -5*a, -a - 5 = 0. Suppose 6*r - 7 - w = 0. Let s(q) = 5*q**3 - 4*q**r - 1 + 2 + 5*q + 7*q**2. Give s(-6).
7
Let x(r) = r**2 - 2. Let y be x(2). Let z be ((-12)/(-10))/(y/10). Let q(f) = f**2 + 3*f - 8*f - 7350 + 7351. What is q(z)?
7
Suppose 16 = 3*j + 10. Let l(s) = 6*s**j + 0*s**3 - s**2 + 8 - 4*s - 9 - s**3. Calculate l(4).
-1
Let k(o) = 2 - 2*o**2 + o**3 + 2*o**2 - 3*o**2 - 5*o. Suppose -u + 0*h - 5*h = -8, 0 = -2*u - 5*h + 11. Give k(u).
-13
Let k(g) = -g + 2. Let v(u) = -12*u**2 + 2*u - 6 - 11*u**2 + 8*u + 22*u**2. Let w be v(0). Calculate k(w).
8
Suppose 5*l = d - 121, -3*l = -2*d + 104 - 30. Suppose 0 = -6*q - 35 - 73. Let z = l - q. Let g(u) = u**2 + 7*u + 6. Calculate g(z).
0
Let x(r) be the second derivative of r**3 - r**2/2 - 9*r. Suppose -h + 5*k - 25 = 4*h, -3*k = -5*h - 17. Give x(h).
-7
Let w(o) = -47*o + 1. Let h(n) = 99*n - 1. Let c be h(0). Determine w(c).
48
Suppose -36 = -4*a - 2*g, a - 3*a + 18 = 3*g. Let m(f) = -2*f**2 + 11*f + 2. What is m(a)?
-61
Let s(c) be the third derivative of 0 - 1/120*c**5 + 1/3*c**3 + 0*c - 1/24*c**4 - 5*c**2. Let l(r) be the first derivative of s(r). Calculate l(6).
-7
Let l(j) be the first derivative of -j**3/3 + 7*j**2/2 - 3*j - 97. Determine l(6).
3
Let z(k) = 5*k. Let i be z(1). Let a(q) = 7*q**2 + 2*q + 2. Let f(y) = 20*y**2 + 5*y + 5. Let j(u) = -17*a(u) + 6*f(u). Give j(i).
1
Let i(g) = 5*g - 17 + 4 + 10. Let y(v) = v. Let z be y(2). What is i(z)?
7
Let c(z) = 4*z + 7. Let x(q) = -3*q - 7. Let a(k) = 2*c(k) + 3*x(k). What is a(-9)?
2
Suppose -9 = 4*f - 13. Let i(r) = r - 1. What is i(f)?
0
Let m(z) = 2*z - 2. Let v(s) = -s**2 + 16. Let k be v(-4). Determine m(k).
-2
Suppose 0 = 3*d - 11 - 7. Let o(t) = 7*t**2 - 6*t + 5. Let x(w) = -20*w**2 + 18*w - 14. Let a(j) = 17*o(j) + 6*x(j). Give a(d).
1
Let j(t) = -2*t**2 - 11*t - 2. Let d be j(-5). Let y(g) = 10*g**2 + g - g**3 - 3 + 2*g - 16*g**2 + d*g. Let k be -7*2/(-4)*-2. Calculate y(k).
4
Let p(n) = 25*n - 68*n - 3 + 17*n + n**2 + 27*n. What is p(0)?
-3
Let o(k) = 14*k + 9. Let l(z) = 7*z + 5. Let s(p) = -11*l(p) + 6*o(p). Let c(g) be the first derivative of g**2/2 + 11. Let f(w) = -6*c(w) + s(w). Give f(4).
3
Let f = 7 - 4. Let h(b) = 4*b - b**2 + f*b + 3 + 0*b**2 - 8*b**2 + b**3. Let j be h(8). Let r(x) = -x**2 - 6*x - 5. Determine r(j).
0
Let g be 23/7 + (126/49)/(-9). Let o(d) = d**3 + d**2 - 4. What is o(g)?
32
Let z(s) = 13*s**2 + 14*s - 9. Let n(b) = -37*b**2 - 40*b + 26. Let h(v) = 6*n(v) + 17*z(v). Give h(2).
-5
Suppose 0*v + 3*v - 117 = 0. Let a = v - 36. Suppose -f = 5*u + 10, 5*u + 13 = a. Let y(i) = i**2 - 9. Calculate y(f).
-9
Let a(d) = 6*d**2 - 11*d - 1. Let i(j) = j**2 - j. Suppose 3*y + h - 1 = -2, -3*y - 9 = 3*h. Let p(x) = y*a(x) - 5*i(x). Calculate p(5).
-6
Let c(r) be the first derivative of -3/2*r**2 + 16 + 0*r - 5/3*r**3 - 1/4*r**4. Calculate c(-3).
-9
Let g(b) = -4. Let y(h) = h - 23. Let u(c) = -5*g(c) + y(c). Suppose -2*l + 9 = -5*q, 3 = -5*l + 4*q - 0*q. Calculate u(l).
-6
Let s(n) be the second derivative of -5*n**3/6 - n**2 + 380*n. Determine s(-4).
18
Suppose -3*k + 0*k - u = 2, 5*k = -u. Let v be (-8)/4 - (k/(-1) - 1). Let x(p) = -3 + 12 + p + 1. Give x(v).
10
Let v(w) = -w**3 + w**2 + 3*w + 1. Let u(f) = -f. Let q(y) = -3*u(y) - v(y). Let p = -10 - -18. Let n = 8 - p. What is q(n)?
-1
Let n(j) = -j**2 + j + 5. Let w be n(0). Let k(f) = 2*f + 1 + f**3 + w - 1 - 7*f - 3*f**2. Let p be k(4). Let g(h) = 6*h. Determine g(p).
6
Let d(x) be the first derivative of -x**3/3 + 5*x**2/2 - 7*x + 263. Give d(6).
-13
Let x(z) be the third derivative 